ighest common factor of 23 and l?
23
Let x = -85 - -142. What is the greatest common divisor of x and 19?
19
Let m(j) = -j**3 + 12*j**2 + 12*j + 18. Let t be m(13). What is the greatest common divisor of t and 80?
5
Let j = 21 - 39. Let l = -1 - j. Calculate the highest common factor of l and 119.
17
Let k be (-17)/(-1) - 4/(-4). What is the highest common factor of 2 and k?
2
Let g be (-2)/(-4) - 11/(-2). Let o be (2 - (-58)/4)*g. Calculate the highest common factor of 11 and o.
11
Let d(o) = 2*o**2 - 6*o + 12. Let a be d(-4). What is the greatest common divisor of a and 17?
17
Suppose 0 = 4*h - 4*a - 76, -30 + 72 = 3*h + 2*a. Let w = 15 - 10. Suppose 38 = -o + w*o + 3*p, -30 = -4*o + p. What is the greatest common factor of o and h?
8
Suppose a - 1 = 0, 4*g - 81 + 24 = 3*a. Calculate the highest common divisor of g and 9.
3
Suppose 9 = 2*x - 7. Calculate the greatest common factor of x and 8.
8
Suppose 5*y = -10, -4*y - 100 = -3*z - 2. Calculate the greatest common divisor of z and 105.
15
Suppose 5*i + 1 - 18 = -2*w, w - 4*i = 2. Suppose 4*t - 12 - 48 = 0. Calculate the greatest common divisor of w and t.
3
Suppose 6 = k - 6. Suppose 21 = -7*l + 4*l. Let v(a) = -a**3 - 8*a**2 - 9*a + 4. Let r be v(l). Calculate the highest common factor of k and r.
6
Let y(j) = j**2 + 4*j - 4. Let m be y(-4). Let z = m - -6. Calculate the greatest common divisor of 2 and z.
2
Suppose -2*z + 43 = 3*s, -4*s = z - 4 - 15. Calculate the greatest common divisor of 69 and z.
23
Let k(x) = x**2 - 4*x + 3. Let a be k(4). Suppose -2*n = -36 + 6. What is the highest common factor of a and n?
3
Suppose 0 = -4*f - 0*f - 3*a + 420, f - 105 = 4*a. What is the greatest common factor of 21 and f?
21
Let k be -8*(1 + (-15)/10). Calculate the greatest common factor of 10 and k.
2
Let p be 573/24 - 1/(-8). Calculate the greatest common factor of 32 and p.
8
Let p be 0 + -4 - (-1080)/10. Calculate the highest common factor of 26 and p.
26
Suppose 4*f - 5*z = 21, 4*f + 6*z - 4*z - 42 = 0. Calculate the greatest common factor of f and 9.
9
Let b be ((-30)/(-35))/((-2)/(-126)). Suppose 2*d - 6 = b. Calculate the greatest common divisor of d and 20.
10
Let r(j) = j + 7. Let b be r(-5). Suppose -b*f + 34 = -190. What is the greatest common divisor of f and 16?
16
Suppose 109 = 8*l + 29. Calculate the greatest common divisor of l and 2.
2
Suppose -840 = -150*o + 138*o. Suppose 2*f = 7*f - 50. What is the greatest common factor of o and f?
10
Suppose 0 = 2*q - 3*f + 4*f - 121, -3*q + 2*f = -192. Let t = -44 + q. What is the greatest common factor of t and 18?
18
Let v(m) = -m**3 - 8*m**2 - 9*m - 9. Let x be v(-7). Suppose -3*h = x*o - 297 - 279, -4*o + 760 = 4*h. What is the greatest common divisor of h and 17?
17
Let p(d) = 3*d**2 + 4. Let f be p(0). What is the greatest common divisor of f and 20?
4
Suppose 0*n + 870 = 6*n. Calculate the greatest common divisor of n and 58.
29
Suppose -o - 41 = -0*o. Let j = 95 + o. What is the greatest common factor of j and 6?
6
Let z = -14 - -9. Let x(n) = -n**2 - 4*n + 7. Let q be x(z). Suppose 2*d + 2*h = -3*h - 8, 0 = -3*d - 4*h + q. What is the greatest common divisor of d and 48?
6
Let g(q) = -1 + 5 + 21*q - 19*q. Let x be g(10). What is the greatest common factor of 24 and x?
24
Let v = 108 - 23. Suppose 15 + v = 5*q. What is the greatest common divisor of q and 40?
20
Suppose y - 224 - 439 = -2*q, -5*q = 3*y - 1655. Let a be 0 + (q - 3/(-3)). Let t = a - 237. What is the greatest common divisor of 14 and t?
14
Let l = -23 - -24. Calculate the highest common divisor of 11 and l.
1
Suppose j - 5*l = 37, -3*j + 3*l + 63 = j. Let q be (-2)/(-8) + (-3)/j. Let p(z) = -z**2 - z + 36. Let r be p(q). What is the highest common divisor of 4 and r?
4
Suppose -2*o + 0*o + 112 = 0. Calculate the greatest common factor of o and 14.
14
Suppose -2*l = 3*g - 1397, -4*g + 1372 = 3*l - 489. Suppose -g = -4*z - 149. What is the highest common factor of z and 16?
16
Let w(q) = q**3 + 6*q**2 - q - 5. Let x be w(-6). Let m be 1/((-3)/(-21))*x. Let h be (m + 1)*(1 - 0). Calculate the greatest common factor of 72 and h.
8
Suppose 5*u - 15 = -5*x, 2*u - 1 = -3*x + 5. Suppose 5*g + 47 = 2*a - x, -a = -4*g - 16. What is the greatest common divisor of 24 and a?
12
Suppose 2*l - 4*b = -2*l, 1 = -l + 2*b. Let h = -10 - -18. Calculate the highest common factor of h and l.
1
Let g = -23 - -49. Let v(h) = h**3 - 4*h**2 + 3*h + 1. Let l be v(4). What is the greatest common divisor of g and l?
13
Suppose 0 = 3*i - 5*i + 10. Suppose -2*v - 148 = -4*h - v, i*v = 20. Calculate the highest common divisor of 19 and h.
19
Let b be (-4)/(48/(-45)) + 2/8. Calculate the greatest common divisor of 20 and b.
4
Suppose h = -3*h + 160. Calculate the highest common divisor of 5 and h.
5
Let v(i) be the first derivative of -19*i**2/2 - 3*i + 7. Let w be v(-2). Calculate the highest common factor of w and 7.
7
Let i be 32/6*45/10. Calculate the highest common divisor of i and 96.
24
Let g(s) = s**2 + 8*s. Let i be g(-8). Let z be 0 + (i - 0 - -1). What is the highest common factor of z and 7?
1
Suppose 4*v - 13 = 5*i, -2*v + 1 = v + 5*i. Suppose -3*f = 3*a - 66, -v*a - 2*f = 2*a - 80. What is the highest common divisor of 45 and a?
9
Let c = -6 - -13. What is the highest common divisor of c and 77?
7
Let r = 5 + 4. Calculate the highest common factor of r and 225.
9
Let i = -2 - -13. What is the greatest common factor of i and 44?
11
Let t be 0*2/(-12)*-3 - -24. Calculate the greatest common factor of t and 30.
6
Let z be 12 - (0/(-3))/1. Let a = 5 - z. Let u be (21/a)/(1 + -4). What is the greatest common factor of 1 and u?
1
Let o be (-8)/6*(-70 + -8). Calculate the highest common factor of o and 26.
26
Suppose 4*c = 4*a - 118 - 182, 2*c - 225 = -3*a. Suppose 36*w - 30*w - 90 = 0. What is the greatest common divisor of w and a?
15
Let g(n) = -n**3 + 8*n**2 + n - 1. Let c be 6/8 - (-174)/24. Let k be g(c). Calculate the greatest common factor of 35 and k.
7
Let n(x) = -2*x**2 - 3*x + 2. Let y be n(-3). Let u = y + 11. Let j(b) = b. Let o be j(u). Calculate the greatest common divisor of 2 and o.
2
Let o be (-96)/(-3)*8 - 3. Let i = -27 - -50. Calculate the highest common divisor of i and o.
23
Let m(c) = c**3 + 8*c**2 - 10*c + 8. Let i be m(-9). Let z = i + -1. Calculate the highest common divisor of 4 and z.
4
Let q(r) = -12*r - 66. Let y be q(-6). Calculate the highest common factor of 18 and y.
6
Suppose g = -u - 3*u + 9, -3*g = -4*u + 21. Let y be (13 + -34)/(1/g). What is the highest common divisor of y and 42?
21
Let y be 1/((-3)/(-6)) - -36. Let i be y*1 - (7 + -4). Let u = 14 - 7. What is the highest common factor of u and i?
7
Let t be 4/14 + 1153/7. Suppose 2*a - 2*q = 8, -3*q + 8 = 3*a - a. Let p(s) = s**2 - 1. Let u be p(a). Calculate the highest common divisor of u and t.
15
Suppose 2*b - 3*q - 312 = q, -160 = -b + q. Let y be (3/2)/((-3)/28). Let u be 6/21 - b/y. Calculate the greatest common divisor of u and 108.
12
Let h(a) = -14*a - 2. Let r be h(1). Let l = 41 + r. Calculate the highest common divisor of l and 5.
5
Let b be (161/115)/(2/10). What is the greatest common factor of 14 and b?
7
Let c = -1 - -47. Let n = -22 + c. Suppose -5*b + 2*b = 3*f - 27, -4*b + 6 = -f. What is the highest common factor of f and n?
6
Suppose 10*v = -3*v + 546. What is the greatest common divisor of v and 14?
14
Let y = 0 - -6. Suppose -a + y = k, 0 = -0*k - k + 5*a. Calculate the greatest common divisor of 5 and k.
5
Let q(t) = -t**3 + 8*t**2 + 11*t - 6. Let l be q(9). What is the highest common divisor of l and 2?
2
Suppose -4*i + 245 = -3*d, 132 = 3*i + 4*d - 33. Calculate the greatest common divisor of 59 and i.
59
Suppose -5*b = 11 - 36. Suppose u - 31 = -6*s + s, b*u - s - 51 = 0. Let l be 1/4 + (-2149)/(-28). What is the highest common divisor of u and l?
11
Let m be ((-8)/(-2))/((-3)/(-6)). Calculate the highest common divisor of m and 32.
8
Suppose -3*t = -3*s + 30, 0*s + s + t - 10 = 0. Suppose -3*q + 4*z + 54 = -24, -5*z - 75 = -3*q. Calculate the highest common factor of s and q.
10
Let h(j) = j**3 + 16*j**2 + 4*j. Let s be h(-15). Calculate the highest common divisor of s and 15.
15
Suppose x - 16 + 10 = 0. What is the greatest common divisor of 108 and x?
6
Let x = 92 +